pose -2*w + 9 = -w. Calculate the remainder when 35 is divided by w.
8
Let q = 83 + -37. What is the remainder when q is divided by 12?
10
Let r(h) = -h**2 + 8*h - 9. Let p be r(6). Let k = 6 - p. Let s(g) = g**3 - 3*g**2 + 4*g - 4. What is the remainder when s(3) is divided by k?
2
Let i(r) = 43*r**2 + r + 1. Calculate the remainder when i(1) is divided by 24.
21
Suppose -7*z = -50 - 13. Calculate the remainder when z is divided by 4.
1
Let v(y) = -y**3 + 3*y**2 + 5*y - 2. Calculate the remainder when v(3) is divided by 5.
3
Suppose -3*p = 4*n + 5, n = -2*p - p + 10. What is the remainder when (-1)/n - (-128)/10 is divided by 8?
5
Let y(u) = 4 - 3 + u - 18*u. Let p be y(3). Let h = p + 100. Calculate the remainder when h is divided by 17.
16
Let j be ((-12)/(-10))/((-3)/(-10)). Suppose -3 = -j*a + 61. Let z = a - 2. What is the remainder when z is divided by 8?
6
Suppose 4*n + 2*n - 90 = 0. What is the remainder when 209 is divided by n?
14
Let f = 2 - -2. Let m = 2 + f. Suppose 2*v - 7 = 1. Calculate the remainder when m is divided by v.
2
Let n(r) = 4*r**2 + 2*r - 2. Calculate the remainder when 89 is divided by n(2).
17
Let n(y) = 3*y**2 + 21*y - 41. Let u(v) = -9*v + 1. Calculate the remainder when u(-4) is divided by n(2).
11
What is the remainder when (-27)/(-2) + 6/(-12) is divided by 5?
3
Let f(z) = 11*z**2 - 2*z - 2. Let p(u) = 1 - 2 + u**2 - 2*u + 19*u**2. What is the remainder when p(-1) is divided by f(-1)?
10
Suppose -3*v - 4*s = -79, -3*s + 5*s + 33 = v. Let b = v - 18. Calculate the remainder when 42 is divided by b.
9
Let j = -1 + 4. Calculate the remainder when (10/4)/((-3)/(-30)) is divided by (25 + -4)*1/j.
4
Let u be (-148)/18 - (-18)/81. What is the remainder when 19 is divided by (-27)/(-5) + u/20?
4
Suppose -w + 278 = 5*l, -3*w = 3*l + w - 177. Let u = 2 + -2. Suppose u = -4*d + 8, -24 - 63 = -5*v + 4*d. What is the remainder when l is divided by v?
17
Suppose -3*q - 17 = -4*f - 0*q, -2*f - 5*q = -15. Suppose -t - 1 = -f*s + 10, 0 = 5*s - 5. Let c = t + 20. Calculate the remainder when c is divided by 4.
2
Let t = 2 - -9. What is the remainder when 41 is divided by t?
8
Suppose 2*r + 2*c - 13 = -1, 4*r - 49 = c. Calculate the remainder when -1*2/(-3)*48 is divided by r.
10
Let w be -6*((-8)/6)/4. Suppose 0 = 5*h - 5*t - 50, -3*h - 2*h + 43 = w*t. What is the remainder when h is divided by 5?
4
Suppose -7*b = -3*b - 8. Calculate the remainder when 15 is divided by (-152)/(-16) + b/(-4).
6
Let z be 1/(-2)*-3*2. Let c be -4 + -4 + 34 + 3. Let u = c - z. Calculate the remainder when u is divided by 9.
8
Let o = -4 + 12. Calculate the remainder when 36 is divided by o.
4
Suppose 2*n = -0*n + 20. What is the remainder when 39 is divided by n?
9
Let s = 0 - -8. Suppose -q - 14 = -2*q. Calculate the remainder when q is divided by s.
6
Let h(j) = -2*j**3 - 3*j**2. Let v(n) = 2*n**3 - 4*n**2 - 4. Let k be v(3). Calculate the remainder when h(-3) is divided by (8 + -7)*(k + 0).
13
Let t = 104 - 67. What is the remainder when t is divided by ((-10)/(-6))/(2/12)?
7
Suppose 8*k - 525 = 3*k. Suppose -k = i - 3*i + 3*z, -20 = -4*z. Calculate the remainder when i is divided by 21.
18
Let u(l) = l + 8. Calculate the remainder when 68 is divided by u(6).
12
Let u(i) = 2*i + 1. Let n be u(-2). Let j = n - -3. Suppose -5*v - t = -13, -2*v - 2*t + 6*t + 14 = j. What is the remainder when v is divided by 2?
1
Suppose 5*o + 2*o - 189 = 0. What is the remainder when 80 is divided by o?
26
Let o(v) = -v**3 + 6*v**2 - 3*v - 3. Let i(w) = 3*w**3 - 6*w - 1 - 3*w**2 + 0*w**3 - 2*w**3 - 3*w**2. What is the remainder when o(4) is divided by i(7)?
5
Suppose -r - r = -8. Suppose -5*o + 4 = -1, 3*o = -r*l + 39. Calculate the remainder when 33 is divided by l.
6
Let b = 30 - 7. Suppose -4*t + 0*t + 12 = 0. Suppose -3*c + 4*v = 7*v - 15, -7 = -2*c - t*v. Calculate the remainder when b is divided by c.
7
Let v(u) = -14*u**3 - 1. Let d be v(1). Let j = -11 - d. What is the remainder when 9 is divided by j?
1
Suppose 2*a = -t - 3, a + 0*a + 5 = 3*t. Let y = 8 + a. Calculate the remainder when y is divided by 4.
2
Suppose 2*n + 2*y - 10 - 64 = 0, 0 = n - y - 33. Suppose 5*b = -4*s + 161 - n, -3*b - s = -77. What is the remainder when b is divided by 7?
5
Suppose 57 = -2*h - 5*r, 1 = -6*r + 7*r. Let k be h/(-4) + (-1)/(-4). Calculate the remainder when 2 is divided by (-8)/(-5) + k/20.
0
Let d(c) = -c**3 + 8*c**2 - 6*c - 2. Suppose -u - g - 2*g = -9, -27 = -3*u - 2*g. What is the remainder when d(6) is divided by u?
7
Suppose -3*d - 3 = -d + 5*g, 4*g + 12 = 0. What is the remainder when 8 is divided by d?
2
Let p be (6/(-4))/((-3)/102). Let a = -32 + p. Calculate the remainder when a is divided by 7.
5
Suppose 19 = 5*z - 6. Suppose -6*s = -4*s - 2*t - 34, 2*t = -z*s + 71. Suppose 6*w - 4*w = 18. What is the remainder when s is divided by w?
6
Calculate the remainder when 114/(-4)*(-4)/3 is divided by 10.
8
Suppose -72 = j + 3*j. Let a = -27 + 33. Calculate the remainder when (-4)/18 + (-184)/j is divided by a.
4
Suppose -u = 5, -3*t - 2*t - u = -15. Suppose 3*h - 6 = 0, 3*p - 70 = -t*h + 4. What is the remainder when p is divided by 8?
6
Let r = -17 + 36. What is the remainder when 36 is divided by r?
17
Suppose -5*b + 40 = -0*k + 3*k, -28 = -k + 2*b. What is the remainder when k is divided by 7?
6
Let x(n) = n**2 + 24*n + 46. What is the remainder when x(-22) is divided by 1?
0
Suppose 2*b = -8, 4*g - 8*g + 264 = 3*b. What is the remainder when g is divided by 12?
9
Suppose -22 = -u - 7. What is the remainder when 27 is divided by u?
12
Let h(i) = -i**2 + 10*i - 7. Let w be h(9). Let u(g) = 0 + g + 7*g**2 - w + 4. What is the remainder when u(-2) is divided by 10?
8
Suppose 0 = 2*o + 5 + 3. Calculate the remainder when 31 is divided by 17 - (o + 2 + 3).
15
What is the remainder when 572/18 - 8/180*-5 is divided by 7?
4
Calculate the remainder when (-3 + 0 + -207)/(-2) is divided by 54.
51
Let x = 31 + -17. What is the remainder when 31 is divided by 147/x + 1/2?
9
Let f be 2 + 1*-2 - -15. Suppose -5*z + 2*q + 36 = 0, z + 0*q - f = 3*q. What is the remainder when 10 is divided by z?
4
Let u(i) = -27*i + 1. What is the remainder when u(-2) is divided by (-3)/(-2)*(-456)/(-36)?
17
Let f(t) = -t**3 - t + 13. Let u be f(0). Let l be 21 - (-1 - (-2 + -1)). Suppose -2*k = -u - l. Calculate the remainder when 31 is divided by k.
15
Let p = 26 + -6. Suppose -3*a - 2*a = -p. Calculate the remainder when a is divided by 2.
0
Suppose 0 = 3*p + 5*x - 75, x = -3*p - 3*x + 72. Calculate the remainder when 97 is divided by p.
17
Let p(m) = m - 5. What is the remainder when 40 is divided by p(16)?
7
Suppose 4*z = z. Suppose 66 = 3*h - 3*p, -4*h - 3*p = -z*h - 53. Calculate the remainder when 48 is divided by h.
14
Let l = 280 - 276. Calculate the remainder when (-1)/(-3)*-2*-15 is divided by l.
2
Let t(l) be the first derivative of l**3 + 3*l**2/2 + 2*l - 2. Let a(c) = c**2 - 3*c - 12. Let k be a(5). Calculate the remainder when 22 is divided by t(k).
6
Suppose 268 + 217 = 5*t. What is the remainder when t is divided by 49?
48
Let l(h) = -1. Let v(w) = 7*w - 2. Let z(n) = 3*l(n) - v(n). Calculate the remainder when z(-1) is divided by 4.
2
Let c(y) = 10*y. Let i(u) = -u**3 - 8*u**2 - u - 7. Let p be i(-8). Calculate the remainder when 19 is divided by c(p).
9
Let r = -11 - -15. Suppose -r*d = -2*l - 34, -43 = -5*d - 0*l + 2*l. What is the remainder when 25 is divided by d?
7
Let l(r) = r**3 + r**2 + r + 12. Suppose 0 = -7*m + 10*m - 66. What is the remainder when m is divided by l(0)?
10
Let g(v) = v**2 - 7*v - 11. Suppose j - 296 = -4*d, -4 = -0*j - j. Calculate the remainder when d is divided by g(-3).
16
Let q = 52 - -58. Suppose o - q = -3*t - 0*t, -3*t + 4*o = -85. What is the remainder when t is divided by 12?
11
Let h = -18 - 7. Let a be 2/3 - (-642)/9. Let r = h + a. Calculate the remainder when r is divided by 16.
15
Let h(x) = 6*x**2 + 2*x + 1. Let r be h(-1). Suppose -r = -t + 4. Let z = -7 + t. Calculate the remainder when 3 is divided by z.
1
Calculate the remainder when 33 is divided by ((-5)/(-10))/((-2)/(-48)).
9
Suppose 4*l = 2*l - 2. Let q be (-3)/3 + l - -3. What is the remainder when -1*(-51 + q)/2 is divided by 13?
12
Suppose -5*t + 70 = -3*d, t + 2*d